 a be -3 + 5 + -36 - -2. Let v = a - -47. What is the remainder when x is divided by v?
13
Suppose -m + 6 + 11 = 0. What is the remainder when 49 is divided by m?
15
Suppose -3*p + 0*p + 17 = 2*q, 4*q = 4*p - 16. Calculate the remainder when 22 is divided by p.
2
Let c(u) = u**2 + 13*u + 16. Let d be c(-12). Suppose -64 = -d*h + 4*l, l + l = -h + 25. Calculate the remainder when 56 is divided by h.
18
Calculate the remainder when (-1)/2 - 1125/(-30) is divided by 13.
11
Suppose 0 = -5*i - 15, -5*u - 1 = -3*u + 5*i. What is the remainder when -6*7/(-2) + -2 is divided by u?
5
Let n be (-6)/30 - 11/(-5). What is the remainder when 37 is divided by 60/9*3/n?
7
Suppose 0 = -5*r + s + 9, 5*s + 11 + 14 = 5*r. Let g = 3 + r. What is the remainder when 0 + -1 - (2 + -14) is divided by g?
3
Suppose 44 = 6*n - 16. What is the remainder when 88 is divided by n?
8
What is the remainder when 0 + 7 + 2 - 4 is divided by 3?
2
Let x(w) = -w**3 + w + 12. Suppose -5*b + b = 0. Calculate the remainder when 46 is divided by x(b).
10
Let p = 74 + -44. Let w = p + -18. What is the remainder when 22 is divided by w?
10
Let s(m) = m**2 - 15*m + 9. What is the remainder when s(16) is divided by 10?
5
Suppose 2*t = -3*t + 25. Suppose -t = 2*o - 33. Let c = o + -10. What is the remainder when 11 is divided by c?
3
Suppose 44 = 3*i - 43. Calculate the remainder when 113 is divided by i.
26
Suppose -2 - 4 = -u. Suppose -g = -6*g + o - 2, 5*g = 3*o - u. Suppose 0 = v - g*v - 4*d - 19, -v - 3*d - 9 = 0. What is the remainder when v is divided by 2?
1
Let c be -2 - (-1 + (-3 - -2)). Let j(b) = -b**3 + 7*b**2 - 6*b - 7. Let p be j(5). Suppose c*v - v = -p. Calculate the remainder when 24 is divided by v.
11
Suppose 25 - 113 = -4*p. Calculate the remainder when 87 is divided by p.
21
Let g = -5 + 7. Suppose h + 74 = c, 4*h - 143 = -g*c + 5*h. Calculate the remainder when c is divided by 18.
15
Suppose -d + 42 = -70. Let y = d - 80. Let u = 6 + y. Calculate the remainder when u is divided by 13.
12
Let h = 81 - 36. Let u = h - 26. Calculate the remainder when u is divided by 7.
5
Suppose 0 = 3*g - 3*q + 18, 4*q + 21 = -2*g - 21. Let y = g - -15. Suppose 13 = y*v + 5. Calculate the remainder when v is divided by 2.
0
Let a(c) = -2*c**3 + 11*c**2 + 2. What is the remainder when 53 is divided by a(5)?
26
Suppose 0 = 2*y - 27 - 221. Suppose -4*k + 102 = 5*m - 3*m, 0 = 5*k - m - y. Let b = 31 - 22. What is the remainder when k is divided by b?
7
Suppose -43 = -6*z + 3*z + 5*u, 0 = u + 2. Calculate the remainder when z is divided by 2.
1
Suppose 1 - 9 = -2*f. Suppose 0 = -2*w - 3*u + 4, 4*w + 4*u - 8 = f. Suppose -6*a + 7*a = 13. What is the remainder when a is divided by w?
3
Suppose -12*a + 13*a - 128 = 0. What is the remainder when a is divided by 26?
24
Let d = 45 - -8. Calculate the remainder when d is divided by 27.
26
Suppose 3*h = -2*p + 21, 0 = -p - 2*p - 2*h + 19. Let b(k) = 2*k + 5. Calculate the remainder when p is divided by b(-2).
0
Let n(d) = -9*d - 7. Let y(g) = -10*g - 7. Let f(h) = 4*n(h) - 3*y(h). Calculate the remainder when f(-7) is divided by 12.
11
Suppose -5*d - 25 = 225. Let o be d/(-12) - 4/24. Suppose -x + p - 7 = o*p, 3*x - 15 = 3*p. What is the remainder when x is divided by 1?
0
Calculate the remainder when 31 is divided by 3/3 + 6 - (0 + -1).
7
Suppose -z - 2*n + 20 = 0, 33 = 4*z - 2*n + 3. Suppose h - 5*k + 14 = 0, -5*k = -5*h - 0*k + z. What is the remainder when 23 is divided by h?
5
Suppose -5*c - b = -82 + 13, -4*c = -4*b - 36. Calculate the remainder when 6*5/((-10)/(-8)) is divided by c.
11
Let r be 138 + 0 + 0 + -2. Suppose -r = -2*c - 2*c. Calculate the remainder when c is divided by -4 + 26 + 0 + -4.
16
Let r = -8 + 5. Let g = r + 17. What is the remainder when 55 is divided by g?
13
Suppose -4*j - j - 5 = 0. Let z = 11 + j. Calculate the remainder when z is divided by 3.
1
Let w be 1/(-2) - 476/(-8). Suppose 2*d = 4, 3*p = -0*p - d + w. Suppose 2*l - 13 - 7 = 0. Calculate the remainder when p is divided by l.
9
Let y(v) = 61*v**2 - 2*v + 2. Calculate the remainder when y(1) is divided by 21.
19
Let m(r) = r**3 - 15*r**2 + 16*r + 20. What is the remainder when m(14) is divided by 13?
9
Let p(g) = 3*g. Suppose -12 = -z + 4*z. What is the remainder when (-70)/z*(0 - -2) is divided by p(4)?
11
Let k(z) = -z - 4. Let t be k(-6). Let o be 2/(-2*t/12). What is the remainder when -1*3/2*o is divided by 5?
4
Suppose -3*u + 39 = u + 5*i, -3*u + 2*i = -12. What is the remainder when 9 is divided by (6 + -1)*(u + -5)?
4
Let o(a) = -2*a**2 + 2*a**3 + 5*a**2 + 1 - a**3. Calculate the remainder when o(-3) is divided by 1.
0
Let f(n) = -n**2 - 11*n - 14. Calculate the remainder when 7*4/(-5)*-5 is divided by f(-8).
8
Calculate the remainder when 1760/25 + 2/(-5) is divided by 15.
10
Let a(j) = j - 3. Suppose 0 = -3*w + w + 8. Suppose -5*g - 1 = 2*s, w*g - 1 - 1 = -3*s. Calculate the remainder when a(7) is divided by s.
0
Let w(r) = 2*r + 14. Let b(v) = -2 + 0 + 1 + 0. Let i(a) = -12*b(a) - w(a). What is the remainder when i(-4) is divided by 2?
0
Let t(z) = 8*z**2 + 8*z - 19. Calculate the remainder when t(4) is divided by 29.
25
Let t(z) = -z**3 - 2*z**2 - z. Let m be t(-1). Suppose -3*p + 5*p - 30 = m. Calculate the remainder when 29 is divided by p.
14
Suppose -6 = -2*g - 0. Suppose -3*u + 22 = -g*t - 2*t, 0 = 4*u - 3*t - 33. Calculate the remainder when u is divided by 6.
3
Suppose 0*z - 4*n - 58 = -2*z, 0 = -4*n - 8. Calculate the remainder when 97 is divided by z.
22
Let m(t) = -12*t**3 + 2*t**2 - 1. Calculate the remainder when 38 is divided by m(-1).
12
Let m(p) = 2*p - 3. Let b be m(-4). Let q = b - -5. Calculate the remainder when 8/q*(-1 + -14) is divided by 11.
9
Let t be ((-8)/6)/((-2)/9). Let z = t - -13. Suppose -8 = -2*c, 0*u - 5*c = 3*u - 128. What is the remainder when u is divided by z?
17
Let a(y) = -5*y + 4. Calculate the remainder when a(-8) is divided by 15.
14
Let u(c) = 2*c**2 + c**3 + 8 - 2*c**2 + c**2. Suppose -3*p = p - 88. What is the remainder when p is divided by u(0)?
6
Suppose -4*z + 12 = -z. Let d = 18 - z. What is the remainder when 25 is divided by d?
11
Suppose 0 = m - 3*s - 29, -s - 3*s = 0. Calculate the remainder when m is divided by 16.
13
Let i(r) = r**2 + 7*r - 6. Let f be i(-8). Let v = f - -1. Suppose v*m = 2*h + 88, 0 = -2*m + 5*h + 104 - 38. Calculate the remainder when m is divided by 15.
13
Let f = -206 + 527. Let y be (-2)/7 + f/21. Suppose 5*g - 10 = y. Calculate the remainder when 14 is divided by g.
4
Let g = -43 - -63. Let a = -20 + 31. Calculate the remainder when g is divided by a.
9
Suppose 2*w + 190 = 2*n - 2*w, -5*w + 367 = 4*n. Calculate the remainder when n is divided by (2/6)/(8/384).
13
What is the remainder when 81 is divided by (1 - 2)*(-22 - -1)?
18
Suppose -d + 96 = -3*p - 2*p, 3*p + 3*d = -54. Let v be 5 - (-16)/(-4) - 11. Let g = v - p. What is the remainder when 26 is divided by g?
8
Let m(f) = -f**2 - 9*f - 4. What is the remainder when -2 - -63*(3 - 2) is divided by m(-4)?
13
Let a be 4/(4/13)*1. Calculate the remainder when 37 is divided by a/1*(-1 + 2).
11
Suppose 2*o + 585 = -o. Let c = o - -129. Calculate the remainder when 32 is divided by (5/15)/((-2)/c).
10
Let d = -122 + 134. Let q be -36*((-10)/(-3) - 2). Let z = q - -71. What is the remainder when z is divided by d?
11
Let f = -31 + 47. Suppose 3*l - 88 - 440 = 0. Suppose -5*p + 2*c + 131 = -91, 0 = -4*p + 2*c + l. Calculate the remainder when p is divided by f.
14
Let p = 345 - 332. Suppose -440 = -5*q - 145. Let x = q + -34. What is the remainder when x is divided by p?
12
Let u = -3 + 9. Suppose 23 = -u*k + 71. What is the remainder when 22 is divided by k?
6
Suppose 3*t = 26 - 8. Calculate the remainder when 23 is divided by t.
5
Suppose 4*o = 4*q + 200, -3*o + 264 = 2*o + 2*q. Suppose 0 = 3*a + 4*w + 7, 2*a + 4*w = -0*w - 2. Calculate the remainder when 18 is divided by 6/(-15) - o/a.
8
Suppose -7 - 115 = -2*w. Suppose 0*n - 2*n = 62. Let r = 47 + n. Calculate the remainder when w is divided by r.
13
Suppose -2*l + 4*c = -16, 0*l + 4*l - 2*c - 32 = 0. What is the remainder when ((-69)/(-12))/((-5)/(-4))*5 is divided by l?
7
Suppose 4*u + 21 = 3*w + 5*u, -5*u = -5*w + 55. Suppose 5*s + 2*r - r = w, -4*s = 4*r. Calculat